is the ten thousands digit of 75630?
7
What is the hundreds digit of 53332?
3
What is the units digit of 2404077?
7
What is the hundred thousands digit of 3457113?
4
What is the units digit of 649581?
1
What is the thousands digit of 29649?
9
What is the tens digit of 3239014?
1
What is the hundred thousands digit of 19600887?
6
What is the tens digit of 408158?
5
What is the hundred thousands digit of 366291?
3
What is the ten thousands digit of 302673?
0
What is the hundreds digit of 2487632?
6
What is the thousands digit of 37899729?
9
What is the ten thousands digit of 1063447?
6
What is the millions digit of 12539722?
2
What is the thousands digit of 60461?
0
What is the units digit of 7679226?
6
What is the units digit of 775038?
8
What is the thousands digit of 216484?
6
What is the ten millions digit of 19090295?
1
What is the tens digit of 31867135?
3
What is the thousands digit of 28964?
8
What is the ten thousands digit of 17097035?
9
What is the ten thousands digit of 478532?
7
What is the ten millions digit of 28284413?
2
What is the units digit of 502234?
4
What is the units digit of 476026?
6
What is the millions digit of 3301208?
3
What is the units digit of 656002?
2
What is the millions digit of 2787289?
2
What is the thousands digit of 391893?
1
What is the thousands digit of 151938?
1
What is the hundreds digit of 88035?
0
What is the hundreds digit of 175204?
2
What is the hundreds digit of 1252759?
7
What is the units digit of 5946780?
0
What is the hundred thousands digit of 1136623?
1
What is the tens digit of 797009?
0
What is the ten thousands digit of 357971?
5
What is the tens digit of 769598?
9
What is the ten thousands digit of 4593562?
9
What is the millions digit of 7865242?
7
What is the ten thousands digit of 1414885?
1
What is the hundreds digit of 339065?
0
What is the tens digit of 870636?
3
What is the hundred thousands digit of 1693562?
6
What is the tens digit of 14644036?
3
What is the ten thousands digit of 81431?
8
What is the millions digit of 6998494?
6
What is the ten thousands digit of 208499?
0
What is the tens digit of 111968?
6
What is the units digit of 109100?
0
What is the hundreds digit of 2408853?
8
What is the ten thousands digit of 338315?
3
What is the tens digit of 165596?
9
What is the ten thousands digit of 186694?
8
What is the ten thousands digit of 549840?
4
What is the hundreds digit of 2254244?
2
What is the hundred thousands digit of 303323?
3
What is the tens digit of 430917?
1
What is the thousands digit of 145382?
5
What is the tens digit of 2800311?
1
What is the hundreds digit of 958057?
0
What is the ten thousands digit of 912121?
1
What is the hundred thousands digit of 17177723?
1
What is the tens digit of 168066?
6
What is the thousands digit of 9814782?
4
What is the units digit of 1465907?
7
What is the ten thousands digit of 3875272?
7
What is the hundred thousands digit of 2355443?
3
What is the hundreds digit of 241603?
6
What is the hundred thousands digit of 633256?
6
What is the ten thousands digit of 1271032?
7
What is the hundred thousands digit of 21938116?
9
What is the millions digit of 7042614?
7
What is the hundreds digit of 40500?
5
What is the hundreds digit of 13924651?
6
What is the hundreds digit of 27450240?
2
What is the thousands digit of 18506864?
6
What is the thousands digit of 3723932?
3
What is the thousands digit of 775999?
5
What is the hundred thousands digit of 344094?
3
What is the thousands digit of 4869062?
9
What is the units digit of 2177334?
4
What is the hundreds digit of 896705?
7
What is the tens digit of 16096616?
1
What is the hundreds digit of 174483?
4
What is the units digit of 125776?
6
What is the hundred thousands digit of 29011859?
0
What is the thousands digit of 1934753?
4
What is the hundred thousands digit of 596316?
5
What is the hundreds digit of 3640997?
9
What is the thousands digit of 1213780?
3
What is the hundreds digit of 1394?
3
What is the millions digit of 2904743?
2
What is the hundreds digit of 176429?
4
What is the units digit of 3874052?
2
What is the tens digit of 127788?
8
What is the ten thousands digit of 105839?
0
What is the ten thousands digit of 236834?
3
What is the millions digit of 3597122?
3
What is the tens digit of 1472958?
5
What is the tens digit of 47046?
4
What is the thousands digit of 1282345?
2
What is the hundreds digit of 4558349?
3
What is the thousands digit of 461298?
1
What is the hundred thousands digit of 17040017?
0
What is the units digit of 4224206?
6
What is the hundreds digit of 301983?
9
What is the thousands digit of 108186?
8
What is the units digit of 3122677?
7
What is the millions digit of 3881517?
3
What is the units digit of 2003811?
1
What is the units digit of 154115?
5
What is the tens digit of 1479328?
2
What is the units digit of 183596?
6
What is the tens digit of 29861?
6
What is the hundreds digit of 293282?
2
What is the hundreds digit of 4356674?
6
What is the units digit of 484349?
9
What is the hundreds digit of 199361?
3
What is the ten thousands digit of 2093202?
9
What is the hundred thousands digit of 585218?
5
What is the units digit of 29571189?
9
What is the ten millions digit of 15537313?
1
What is the thousands digit of 2326274?
6
What is the thousands digit of 8860765?
0
What is the hundreds digit of 178252?
2
What is the tens digit of 5188?
8
What is the hundreds digit of 250264?
2
What is the ten thousands digit of 10055?
1
What is the tens digit of 785?
8
What is the ten millions digit of 34865289?
3
What is the millions digit of 2222328?
2
What is the tens digit of 2613820?
2
What is the tens digit of 1674036?
3
What is the units digit of 181452?
2
What is the ten millions digit of 35856328?
3
What is the ten thousands digit of 4129914?
2
What is the ten thousands digit of 4070121?
7
What is the units digit of 169253?
3
What is the thousands digit of 258365?
8
What is the hundreds digit of 1187980?
9
What is the thousands digit of 13126138?
6
What is the units digit of 5432408?
8
What is the hundred thousands digit of 440004?
4
What is the millions digit of 1200705?
1
What is the units digit of 13447901?
1
What is the tens digit of 198996?
9
What is the hundred thousands digit of 8050522?
0
What is the thousands digit of 1488429?
8
What is the tens digit of 1178280?
8
What is the thousands digit of 205607?
5
What is the hundred thousands digit of 4200099?
2
What is the thousands digit of 1042891?
2
What is the units digit of 344004?
4
What is the millions digit of 10727137?
0
What is the tens digit of 907695?
9
What is the thousands digit of 6428830?
8
What is the hundred thousands digit of 560527?
5
What is the hundred thousands digit of 241157?
2
What is the millions digit of 4104720?
4
What is the tens digit of 1263106?
0
What is the thousands digit of 7381644?
1
What is the hundreds digit of 612063?
0
What is the ten thousands digit of 6717587?
1
What is the units digit of 74305?
5
What is the tens digit of 15583680?
8
What is the tens digit of 137528?
2
What is the units digit of 1853393?
3
What is the hundred thousands digit of 24257495?
2
What is the tens digit of 19379025?
2
What is the ten thousands digit of 13432517?
3
What is the ten thousands digit of 1619857?
1
What is the units digit of 36442408?
8
What is the hundreds digit of 1534024?
0
What is the millions digit of 10746484?
0
What is the millions digit of 6520380?
6
What is the tens digit of 175515?
1
What is the ten thousands digit of 27234?
2
What is the hundred thousands digit of 1787924?
7
What is the millions digit of 5099790?
5
What is the hundred thousands digit of 1884712?
8
What is the units digit of 3723972?
2
What is the hundreds digit of 4537107?
1
What is the tens digit of 203395?
9
What is the hundred thousands digit of 8802321?
8
What is the hundreds digit of 993006?
0
What is the units digit of 790824?
4
What is the ten millions digit of 13761077?
1
What is the tens digit of 202795?
9
What is the units digit of 893269?
9
What is the hundreds digit of 17745735?
7
What is the units digit of 295461?
1
What is the thousands digit of 73632?
3
What is the units digit of 7751601?
1
What is the hundred thousands digit of 1172064?
1
What is the ten thousa